{"id":361,"date":"2025-02-14T08:33:05","date_gmt":"2025-02-14T08:33:05","guid":{"rendered":"https:\/\/dovida.ch\/?post_type=pro&#038;p=361"},"modified":"2025-10-15T11:49:23","modified_gmt":"2025-10-15T11:49:23","slug":"nouvelles","status":"publish","type":"pro","link":"https:\/\/dovida.ch\/fr\/pro\/nouvelles\/","title":{"rendered":"Actualit\u00e9s"},"content":{"rendered":"<div data-react-component=\"NewsArchive\" data-react-props=\"{&quot;baseUrl&quot;:&quot;https:\\\/\\\/dovida.ch\\\/fr\\\/pro\\\/&quot;,&quot;noResultsText&quot;:&quot;Aucun r\\u00e9sultat trouv\\u00e9&quot;,&quot;initialFilters&quot;:[{&quot;term_id&quot;:37,&quot;name&quot;:&quot;Blog&quot;,&quot;slug&quot;:&quot;blog-fr&quot;,&quot;term_group&quot;:0,&quot;term_taxonomy_id&quot;:37,&quot;taxonomy&quot;:&quot;category&quot;,&quot;description&quot;:&quot;&quot;,&quot;parent&quot;:38,&quot;count&quot;:24,&quot;filter&quot;:&quot;raw&quot;,&quot;term_order&quot;:&quot;0&quot;,&quot;cat_ID&quot;:37,&quot;category_count&quot;:24,&quot;category_description&quot;:&quot;&quot;,&quot;cat_name&quot;:&quot;Blog&quot;,&quot;category_nicename&quot;:&quot;blog-fr&quot;,&quot;category_parent&quot;:38},{&quot;term_id&quot;:3,&quot;name&quot;:&quot;News&quot;,&quot;slug&quot;:&quot;news&quot;,&quot;term_group&quot;:0,&quot;term_taxonomy_id&quot;:3,&quot;taxonomy&quot;:&quot;category&quot;,&quot;description&quot;:&quot;&quot;,&quot;parent&quot;:38,&quot;count&quot;:43,&quot;filter&quot;:&quot;raw&quot;,&quot;term_order&quot;:&quot;0&quot;,&quot;cat_ID&quot;:3,&quot;category_count&quot;:43,&quot;category_description&quot;:&quot;&quot;,&quot;cat_name&quot;:&quot;News&quot;,&quot;category_nicename&quot;:&quot;news&quot;,&quot;category_parent&quot;:38}],&quot;parentCategory&quot;:&quot;pro-fr&quot;,&quot;title&quot;:&quot;Actualit\\u00e9s\\u00a0&quot;,&quot;text&quot;:&quot;Obtenez les derni\\u00e8res actualit\\u00e9s et nouvelles sur l&#039;accompagnement et les soins.\\u00a0&quot;,&quot;parentCategoryID&quot;:38,&quot;titleTag&quot;:&quot;h1&quot;,&quot;blockType&quot;:&quot;archive&quot;}\">\n    \n<\/div>\n\n","protected":false},"featured_media":0,"parent":0,"template":"","class_list":["post-361","pro","type-pro","status-publish","hentry"],"acf":[],"yoast_head":"<!-- This site is optimized with the Yoast SEO plugin v26.9 - https:\/\/yoast.com\/product\/yoast-seo-wordpress\/ -->\n<title>Nouvelles de Dovida et de l\u2019accompagnement \u00e0 domicile en Suisse<\/title>\n<meta name=\"description\" content=\"Soyez au courant des derni\u00e8res actualit\u00e9s et nouvelles au sujet des services d\u2019accompagnement \u00e0 domicile de Dovida pour les personnes \u00e2g\u00e9es et handicap\u00e9es en Suisse.\" \/>\n<meta name=\"robots\" content=\"index, follow, max-snippet:-1, max-image-preview:large, max-video-preview:-1\" \/>\n<link rel=\"canonical\" href=\"https:\/\/dovida.ch\/fr\/pro\/nouvelles\/\" \/>\n<meta property=\"og:locale\" content=\"fr_FR\" \/>\n<meta property=\"og:type\" content=\"article\" \/>\n<meta property=\"og:title\" content=\"Nouvelles de Dovida et de l\u2019accompagnement \u00e0 domicile en Suisse\" \/>\n<meta property=\"og:description\" content=\"Soyez au courant des derni\u00e8res actualit\u00e9s et nouvelles au sujet des services d\u2019accompagnement \u00e0 domicile de Dovida pour les personnes \u00e2g\u00e9es et handicap\u00e9es en Suisse.\" \/>\n<meta property=\"og:url\" content=\"https:\/\/dovida.ch\/fr\/pro\/nouvelles\/\" \/>\n<meta property=\"og:site_name\" content=\"Dovida CH\" \/>\n<meta property=\"article:modified_time\" content=\"2025-10-15T11:49:23+00:00\" \/>\n<meta name=\"twitter:card\" content=\"summary_large_image\" \/>\n<script type=\"application\/ld+json\" class=\"yoast-schema-graph\">{\"@context\":\"https:\/\/schema.org\",\"@graph\":[{\"@type\":\"WebPage\",\"@id\":\"https:\/\/dovida.ch\/fr\/pro\/nouvelles\/\",\"url\":\"https:\/\/dovida.ch\/fr\/pro\/nouvelles\/\",\"name\":\"Nouvelles de Dovida et de l\u2019accompagnement \u00e0 domicile en Suisse\",\"isPartOf\":{\"@id\":\"https:\/\/dovida.ch\/fr\/#website\"},\"datePublished\":\"2025-02-14T08:33:05+00:00\",\"dateModified\":\"2025-10-15T11:49:23+00:00\",\"description\":\"Soyez au courant des derni\u00e8res actualit\u00e9s et nouvelles au sujet des services d\u2019accompagnement \u00e0 domicile de Dovida pour les personnes \u00e2g\u00e9es et handicap\u00e9es en Suisse.\",\"breadcrumb\":{\"@id\":\"https:\/\/dovida.ch\/fr\/pro\/nouvelles\/#breadcrumb\"},\"inLanguage\":\"fr-FR\",\"potentialAction\":[{\"@type\":\"ReadAction\",\"target\":[\"https:\/\/dovida.ch\/fr\/pro\/nouvelles\/\"]}]},{\"@type\":\"BreadcrumbList\",\"@id\":\"https:\/\/dovida.ch\/fr\/pro\/nouvelles\/#breadcrumb\",\"itemListElement\":[{\"@type\":\"ListItem\",\"position\":1,\"name\":\"Home\",\"item\":\"https:\/\/dovida.ch\/fr\/\"},{\"@type\":\"ListItem\",\"position\":2,\"name\":\"Pro\",\"item\":\"https:\/\/dovida.ch\/fr\/pro\/\"},{\"@type\":\"ListItem\",\"position\":3,\"name\":\"Actualit\u00e9s\"}]},{\"@type\":\"WebSite\",\"@id\":\"https:\/\/dovida.ch\/fr\/#website\",\"url\":\"https:\/\/dovida.ch\/fr\/\",\"name\":\"Dovida\",\"description\":\"\",\"publisher\":{\"@id\":\"https:\/\/dovida.ch\/fr\/#organization\"},\"potentialAction\":[{\"@type\":\"SearchAction\",\"target\":{\"@type\":\"EntryPoint\",\"urlTemplate\":\"https:\/\/dovida.ch\/fr\/?s={search_term_string}\"},\"query-input\":{\"@type\":\"PropertyValueSpecification\",\"valueRequired\":true,\"valueName\":\"search_term_string\"}}],\"inLanguage\":\"fr-FR\"},{\"@type\":\"Organization\",\"@id\":\"https:\/\/dovida.ch\/fr\/#organization\",\"name\":\"Dovida\",\"url\":\"https:\/\/dovida.ch\/fr\/\",\"logo\":{\"@type\":\"ImageObject\",\"inLanguage\":\"fr-FR\",\"@id\":\"https:\/\/dovida.ch\/fr\/#\/schema\/logo\/image\/\",\"url\":\"https:\/\/dovida.ch\/wp-content\/uploads\/sites\/7\/2025\/03\/organization-logo.jpg\",\"contentUrl\":\"https:\/\/dovida.ch\/wp-content\/uploads\/sites\/7\/2025\/03\/organization-logo.jpg\",\"width\":696,\"height\":696,\"caption\":\"Dovida\"},\"image\":{\"@id\":\"https:\/\/dovida.ch\/fr\/#\/schema\/logo\/image\/\"}}]}<\/script>\n<!-- \/ Yoast SEO plugin. -->","yoast_head_json":{"title":"Nouvelles de Dovida et de l\u2019accompagnement \u00e0 domicile en Suisse","description":"Soyez au courant des derni\u00e8res actualit\u00e9s et nouvelles au sujet des services d\u2019accompagnement \u00e0 domicile de Dovida pour les personnes \u00e2g\u00e9es et handicap\u00e9es en Suisse.","robots":{"index":"index","follow":"follow","max-snippet":"max-snippet:-1","max-image-preview":"max-image-preview:large","max-video-preview":"max-video-preview:-1"},"canonical":"https:\/\/dovida.ch\/fr\/pro\/nouvelles\/","og_locale":"fr_FR","og_type":"article","og_title":"Nouvelles de Dovida et de l\u2019accompagnement \u00e0 domicile en Suisse","og_description":"Soyez au courant des derni\u00e8res actualit\u00e9s et nouvelles au sujet des services d\u2019accompagnement \u00e0 domicile de Dovida pour les personnes \u00e2g\u00e9es et handicap\u00e9es en Suisse.","og_url":"https:\/\/dovida.ch\/fr\/pro\/nouvelles\/","og_site_name":"Dovida CH","article_modified_time":"2025-10-15T11:49:23+00:00","twitter_card":"summary_large_image","schema":{"@context":"https:\/\/schema.org","@graph":[{"@type":"WebPage","@id":"https:\/\/dovida.ch\/fr\/pro\/nouvelles\/","url":"https:\/\/dovida.ch\/fr\/pro\/nouvelles\/","name":"Nouvelles de Dovida et de l\u2019accompagnement \u00e0 domicile en Suisse","isPartOf":{"@id":"https:\/\/dovida.ch\/fr\/#website"},"datePublished":"2025-02-14T08:33:05+00:00","dateModified":"2025-10-15T11:49:23+00:00","description":"Soyez au courant des derni\u00e8res actualit\u00e9s et nouvelles au sujet des services d\u2019accompagnement \u00e0 domicile de Dovida pour les personnes \u00e2g\u00e9es et handicap\u00e9es en Suisse.","breadcrumb":{"@id":"https:\/\/dovida.ch\/fr\/pro\/nouvelles\/#breadcrumb"},"inLanguage":"fr-FR","potentialAction":[{"@type":"ReadAction","target":["https:\/\/dovida.ch\/fr\/pro\/nouvelles\/"]}]},{"@type":"BreadcrumbList","@id":"https:\/\/dovida.ch\/fr\/pro\/nouvelles\/#breadcrumb","itemListElement":[{"@type":"ListItem","position":1,"name":"Home","item":"https:\/\/dovida.ch\/fr\/"},{"@type":"ListItem","position":2,"name":"Pro","item":"https:\/\/dovida.ch\/fr\/pro\/"},{"@type":"ListItem","position":3,"name":"Actualit\u00e9s"}]},{"@type":"WebSite","@id":"https:\/\/dovida.ch\/fr\/#website","url":"https:\/\/dovida.ch\/fr\/","name":"Dovida","description":"","publisher":{"@id":"https:\/\/dovida.ch\/fr\/#organization"},"potentialAction":[{"@type":"SearchAction","target":{"@type":"EntryPoint","urlTemplate":"https:\/\/dovida.ch\/fr\/?s={search_term_string}"},"query-input":{"@type":"PropertyValueSpecification","valueRequired":true,"valueName":"search_term_string"}}],"inLanguage":"fr-FR"},{"@type":"Organization","@id":"https:\/\/dovida.ch\/fr\/#organization","name":"Dovida","url":"https:\/\/dovida.ch\/fr\/","logo":{"@type":"ImageObject","inLanguage":"fr-FR","@id":"https:\/\/dovida.ch\/fr\/#\/schema\/logo\/image\/","url":"https:\/\/dovida.ch\/wp-content\/uploads\/sites\/7\/2025\/03\/organization-logo.jpg","contentUrl":"https:\/\/dovida.ch\/wp-content\/uploads\/sites\/7\/2025\/03\/organization-logo.jpg","width":696,"height":696,"caption":"Dovida"},"image":{"@id":"https:\/\/dovida.ch\/fr\/#\/schema\/logo\/image\/"}}]}},"_links":{"self":[{"href":"https:\/\/dovida.ch\/fr\/wp-json\/wp\/v2\/pro\/361","targetHints":{"allow":["GET"]}}],"collection":[{"href":"https:\/\/dovida.ch\/fr\/wp-json\/wp\/v2\/pro"}],"about":[{"href":"https:\/\/dovida.ch\/fr\/wp-json\/wp\/v2\/types\/pro"}],"wp:attachment":[{"href":"https:\/\/dovida.ch\/fr\/wp-json\/wp\/v2\/media?parent=361"}],"curies":[{"name":"wp","href":"https:\/\/api.w.org\/{rel}","templated":true}]}}

Actualités

<!-- This site is optimized with the Yoast SEO plugin v26.9 - https://yoast.com/product/yoast-seo-wordpress/ -->
<title>Nouvelles de Dovida et de l’accompagnement à domicile en Suisse</title>
<meta name="description" content="Soyez au courant des dernières actualités et nouvelles au sujet des services d’accompagnement à domicile de Dovida pour les personnes âgées et handicapées en Suisse." />
<meta name="robots" content="index, follow, max-snippet:-1, max-image-preview:large, max-video-preview:-1" />
<link rel="canonical" href="https://dovida.ch/fr/pro/nouvelles/" />
<meta property="og:locale" content="fr_FR" />
<meta property="og:type" content="article" />
<meta property="og:title" content="Nouvelles de Dovida et de l’accompagnement à domicile en Suisse" />
<meta property="og:description" content="Soyez au courant des dernières actualités et nouvelles au sujet des services d’accompagnement à domicile de Dovida pour les personnes âgées et handicapées en Suisse." />
<meta property="og:url" content="https://dovida.ch/fr/pro/nouvelles/" />
<meta property="og:site_name" content="Dovida CH" />
<meta property="article:modified_time" content="2025-10-15T11:49:23+00:00" />
<meta name="twitter:card" content="summary_large_image" />
<script type="application/ld+json" class="yoast-schema-graph">{"@context":"https://schema.org","@graph":[{"@type":"WebPage","@id":"https://dovida.ch/fr/pro/nouvelles/","url":"https://dovida.ch/fr/pro/nouvelles/","name":"Nouvelles de Dovida et de l’accompagnement à domicile en Suisse","isPartOf":{"@id":"https://dovida.ch/fr/#website"},"datePublished":"2025-02-14T08:33:05+00:00","dateModified":"2025-10-15T11:49:23+00:00","description":"Soyez au courant des dernières actualités et nouvelles au sujet des services d’accompagnement à domicile de Dovida pour les personnes âgées et handicapées en Suisse.","breadcrumb":{"@id":"https://dovida.ch/fr/pro/nouvelles/#breadcrumb"},"inLanguage":"fr-FR","potentialAction":[{"@type":"ReadAction","target":["https://dovida.ch/fr/pro/nouvelles/"]}]},{"@type":"BreadcrumbList","@id":"https://dovida.ch/fr/pro/nouvelles/#breadcrumb","itemListElement":[{"@type":"ListItem","position":1,"name":"Home","item":"https://dovida.ch/fr/"},{"@type":"ListItem","position":2,"name":"Pro","item":"https://dovida.ch/fr/pro/"},{"@type":"ListItem","position":3,"name":"Actualités"}]},{"@type":"WebSite","@id":"https://dovida.ch/fr/#website","url":"https://dovida.ch/fr/","name":"Dovida","description":"","publisher":{"@id":"https://dovida.ch/fr/#organization"},"potentialAction":[{"@type":"SearchAction","target":{"@type":"EntryPoint","urlTemplate":"https://dovida.ch/fr/?s={search_term_string}"},"query-input":{"@type":"PropertyValueSpecification","valueRequired":true,"valueName":"search_term_string"}}],"inLanguage":"fr-FR"},{"@type":"Organization","@id":"https://dovida.ch/fr/#organization","name":"Dovida","url":"https://dovida.ch/fr/","logo":{"@type":"ImageObject","inLanguage":"fr-FR","@id":"https://dovida.ch/fr/#/schema/logo/image/","url":"https://dovida.ch/wp-content/uploads/sites/7/2025/03/organization-logo.jpg","contentUrl":"https://dovida.ch/wp-content/uploads/sites/7/2025/03/organization-logo.jpg","width":696,"height":696,"caption":"Dovida"},"image":{"@id":"https://dovida.ch/fr/#/schema/logo/image/"}}]}</script>
<!-- / Yoast SEO plugin. -->

Nouvelles de Dovida et de l’accompagnement à domicile en Suisse

Soyez au courant des dernières actualités et nouvelles au sujet des services d’accompagnement à domicile de Dovida pour les personnes âgées et handicapées en Suisse.
